0?
7
What is the units digit of 2571?
1
What is the thousands digit of 7089?
7
What is the thousands digit of 38377?
8
What is the hundreds digit of 1250?
2
What is the thousands digit of 3719?
3
What is the hundreds digit of 4487?
4
What is the hundreds digit of 353?
3
What is the tens digit of 13066?
6
What is the tens digit of 167?
6
What is the tens digit of 832?
3
What is the tens digit of 1962?
6
What is the tens digit of 7063?
6
What is the hundred thousands digit of 157612?
1
What is the units digit of 1954?
4
What is the hundreds digit of 155484?
4
What is the tens digit of 8059?
5
What is the tens digit of 104596?
9
What is the hundreds digit of 4748?
7
What is the units digit of 16225?
5
What is the units digit of 6521?
1
What is the units digit of 5462?
2
What is the hundreds digit of 21617?
6
What is the units digit of 682?
2
What is the ten thousands digit of 14353?
1
What is the tens digit of 5262?
6
What is the hundreds digit of 7752?
7
What is the thousands digit of 2184?
2
What is the ten thousands digit of 18963?
1
What is the tens digit of 47086?
8
What is the thousands digit of 2568?
2
What is the tens digit of 438?
3
What is the tens digit of 3729?
2
What is the hundreds digit of 5530?
5
What is the tens digit of 48988?
8
What is the thousands digit of 2454?
2
What is the hundreds digit of 3500?
5
What is the units digit of 454?
4
What is the tens digit of 353?
5
What is the hundreds digit of 3361?
3
What is the tens digit of 2756?
5
What is the thousands digit of 3839?
3
What is the hundreds digit of 30091?
0
What is the tens digit of 3372?
7
What is the hundreds digit of 3984?
9
What is the tens digit of 1537?
3
What is the units digit of 68674?
4
What is the ten thousands digit of 40356?
4
What is the units digit of 14970?
0
What is the units digit of 3968?
8
What is the units digit of 6890?
0
What is the tens digit of 9034?
3
What is the thousands digit of 2013?
2
What is the tens digit of 2418?
1
What is the units digit of 758?
8
What is the tens digit of 924?
2
What is the tens digit of 12159?
5
What is the thousands digit of 23515?
3
What is the tens digit of 535?
3
What is the ten thousands digit of 36591?
3
What is the tens digit of 2345?
4
What is the tens digit of 22378?
7
What is the hundreds digit of 38541?
5
What is the units digit of 870?
0
What is the units digit of 59476?
6
What is the tens digit of 642?
4
What is the thousands digit of 1902?
1
What is the ten thousands digit of 40918?
4
What is the tens digit of 147?
4
What is the units digit of 63?
3
What is the hundreds digit of 4155?
1
What is the tens digit of 25007?
0
What is the thousands digit of 3876?
3
What is the tens digit of 31878?
7
What is the units digit of 3866?
6
What is the units digit of 396?
6
What is the hundreds digit of 47613?
6
What is the units digit of 3175?
5
What is the units digit of 85328?
8
What is the tens digit of 962?
6
What is the thousands digit of 1785?
1
What is the tens digit of 44?
4
What is the units digit of 8657?
7
What is the thousands digit of 1515?
1
What is the thousands digit of 23122?
3
What is the units digit of 691?
1
What is the thousands digit of 1198?
1
What is the units digit of 545?
5
What is the tens digit of 913?
1
What is the tens digit of 3897?
9
What is the units digit of 25691?
1
What is the hundreds digit of 1045?
0
What is the thousands digit of 48378?
8
What is the hundreds digit of 9013?
0
What is the tens digit of 1279?
7
What is the hundreds digit of 6636?
6
What is the tens digit of 24988?
8
What is the units digit of 1357?
7
What is the tens digit of 3629?
2
What is the units digit of 22801?
1
What is the thousands digit of 9946?
9
What is the hundreds digit of 3998?
9
What is the thousands digit of 26478?
6
What is the ten thousands digit of 73359?
7
What is the ten thousands digit of 63903?
6
What is the hundreds digit of 1945?
9
What is the tens digit of 171023?
2
What is the units digit of 5768?
8
What is the tens digit of 204?
0
What is the ten thousands digit of 13240?
1
What is the hundreds digit of 19458?
4
What is the tens digit of 316?
1
What is the units digit of 41518?
8
What is the hundreds digit of 48092?
0
What is the tens digit of 39396?
9
What is the tens digit of 21253?
5
What is the units digit of 12867?
7
What is the tens digit of 1846?
4
What is the hundreds digit of 3397?
3
What is the tens digit of 6022?
2
What is the ten thousands digit of 23320?
2
What is the units digit of 97468?
8
What is the tens digit of 50531?
3
What is the ten thousands digit of 12303?
1
What is the units digit of 1353?
3
What is the tens digit of 2716?
1
What is the tens digit of 57?
5
What is the units digit of 215?
5
What is the tens digit of 2811?
1
What is the units digit of 53238?
8
What is the thousands digit of 2523?
2
What is the hundreds digit of 13749?
7
What is the hundreds digit of 932?
9
What is the units digit of 41368?
8
What is the tens digit of 899?
9
What is the tens digit of 784?
8
What is the thousands digit of 10341?
0
What is the hundreds digit of 898?
8
What is the tens digit of 2623?
2
What is the tens digit of 9707?
0
What is the hundreds digit of 4147?
1
What is the hundreds digit of 5089?
0
What is the thousands digit of 1356?
1
What is the thousands digit of 1453?
1
What is the tens digit of 1322?
2
What is the hundreds digit of 18928?
9
What is the units digit of 46?
6
What is the hundred thousands digit of 100557?
1
What is the units digit of 52922?
2
What is the tens digit of 3679?
7
What is the ten thousands digit of 87156?
8
What is the tens digit of 964?
6
What is the ten thousands digit of 27588?
2
What is the tens digit of 5527?
2
What is the tens digit of 317?
1
What is the thousands digit of 27403?
7
What is the units digit of 1983?
3
What is the tens digit of 43594?
9
What is the units digit of 3013?
3
What is the thousands digit of 1031?
1
What is the units digit of 43908?
8
What is the units digit of 34988?
8
What is the units digit of 2645?
5
What is the units digit of 12743?
3
What is the tens digit of 1305?
0
What is the thousands digit of 6790?
6
What is the hundreds digit of 7063?
0
What is the thousands digit of 1281?
1
What is the thousands digit of 2943?
2
What is the hundreds digit of 934?
9
What is the tens digit of 4125?
2
What is the thousands digit of 10302?
0
What is the tens digit of 797?
9
What is the units digit of 14033?
3
What is the hundreds digit of 49174?
1
What is the units digit of 95?
5
What is the tens digit of 15380?
8
What is the hundreds digit of 165?
1
What is the thousands digit of 129249?
9
What is the tens digit of 66740?
4
What is the ten thousands digit of 28491?
2
What is the units digit of 1620?
0
What is the ten thousands digit of 28346?
2
What is the tens digit of 1516?
1
What is the hundreds digit of 1218?
2
What is the hundred thousands digit of 112782?
1
What is the ten thousands digit of 85939?
8
What is the thousands digit of 13669?
3
What is the thousands digit of 12425?
2
What is the hundreds digit of 964?
9
What is the units digit of 26225?
5
What is the tens digit of 141266?
6
What is the thousands digit of 44205?
4
What is the hundreds digit of 1170?
1
What is the thousands digit of 5323?
5
What is the hundreds digit of 33650?
6
What is the hundreds digit of 1856?
8
What is the tens digit of 2956?
5
What is the thousands digit of 16338?
6
What is the hundreds digit of 8340?
3
What is the units digit of 7380?
0
What is the ten thousands digit of 14506?
1
What is the tens digit of 1318?
1
What is the units digit of 65993?
3
What is the units digit of 9568?
8
What is the units digit of 5535?
5
What is the units digit of 42634?
4
What is the thousands digit of 56705?
6
What is the tens digit of 438?
3
What is the ten thousands digit of 18081?
1
What is the hundred thousands digit of 106247?
1
What is the tens digit of 3682?
8
What is the tens digit of 1920?
2
What is the hundreds digit of 22056?
0
What is the tens digit of 2488?
8
What is the hundreds digit of 262?
2
What is the hundreds digit of 36713?
7
What is the hundreds digit of 32404?
4
What is the units digit of 2045?
5
What is the units digit of 1981?
1
What is the tens digit of 178?
7
What is the thousands digit of 64883?
4
What is the te